e number?
True
Suppose 0 = 3*f + 4*v - 561, 3*v = 4*f - f - 582. Is f composite?
False
Let w = -68 + 36. Let h = 54 + w. Is h prime?
False
Suppose 5*q + w + 7 = 2, -4*q - 2*w = 10. Suppose q*m - m - 2 = 0, -v + m = -133. Is v prime?
True
Suppose 0 = 2*j - 173 - 341. Is j prime?
True
Suppose 3*y = 9, 2*y - 26 = -0*h + 4*h. Let l = 5 + h. Is 40 - (l - -6 - 3) a composite number?
False
Let i(d) = -21*d + 10. Let n(p) = 22*p - 11. Let a(g) = 7*i(g) + 6*n(g). Is a(-2) a prime number?
False
Suppose -3*g = g - 192. Suppose g = 2*u - 22. Is u composite?
True
Suppose 5*i = 2*m - 1948, -2 = -4*i + 6. Is m composite?
True
Let i(s) = s**2 + 10*s + 8. Let l be i(-9). Is l/3 - (-192)/9 a prime number?
False
Suppose -g + 887 = 2*v, 5*v + g = 6*g + 2240. Is v prime?
False
Suppose 13 = -4*y + 3*q, y + 4*q = -0*y + 11. Let k(v) = -155*v**3 + v + 1. Is k(y) a prime number?
False
Let j(g) = 2 - 7 + 4 + 3 - 3*g. Is j(-3) prime?
True
Suppose 39 = 3*v - 0*v. Is v prime?
True
Let x(a) = -106*a - 5. Is x(-6) prime?
True
Let k = 228 + -52. Let g = 325 - k. Is g prime?
True
Let i be -1 + 1 - -12 - 0. Let s = i + -9. Is s prime?
True
Suppose -249 = -0*p - 3*p. Is p a composite number?
False
Let b = -7 + 10. Suppose -107 = -2*x + 209. Suppose -t - x = -b*t. Is t composite?
False
Let m(d) be the second derivative of 0 + 5/2*d**2 + d + d**3. Is m(8) a prime number?
True
Suppose 3*u = 1720 + 2549. Is u a prime number?
True
Let n be 0 + 1 - (-9 - 0). Let y(q) = 2*q**2 - 6*q - 11. Let d be y(n). Suppose 5*t = -i - 0*t + 36, -5*t + d = 4*i. Is i a prime number?
True
Suppose 0 = 5*p + 20, 3*p + 0*p + 16 = v. Suppose v = l + 3*l. Let k(u) = 68*u**2 - 2*u + 1. Is k(l) a composite number?
False
Suppose 4*j - 2*j + 5*b - 3014 = 0, 0 = j - 5*b - 1507. Is j a composite number?
True
Is ((-14)/(-4) - 3)*142 a prime number?
True
Let p be 2*1/(-4)*2. Let z be p/(-4) - (-35)/4. Let a(n) = n. Is a(z) a prime number?
False
Let b(p) = -p**3 + 12*p**2 + p - 7. Let z be b(12). Suppose 6 - 382 = -3*v + 5*j, -634 = -z*v + j. Is v composite?
False
Let v(h) be the second derivative of -17*h**4/24 + h**3/6 - h**2 + h. Let k(q) be the first derivative of v(q). Is k(-2) a composite number?
True
Is ((-2954)/(-70))/((-1)/(-15)) a prime number?
False
Let w = -381 - -4424. Is w a prime number?
False
Suppose 5*n = -d + 1950, n = 5*d - d + 411. Is n a prime number?
False
Let r(i) = i**2 - 12*i + 8. Let f = -19 - -29. Let n be r(f). Let v(u) = u**2 + 4*u - 7. Is v(n) a prime number?
True
Let o(i) = -i**2 - 7*i + 1. Let x be o(-7). Let b(y) = 3*y + 1. Let v be b(x). Suppose 3*l = v + 41. Is l a prime number?
False
Suppose 5*v = 7 + 108. Suppose -2 + v = 3*a. Is a a composite number?
False
Let k(f) = -f + 12. Let i be k(7). Suppose 203 = -i*x + 6*x. Is x composite?
True
Suppose 16 = 2*x - 28. Suppose 15 = h + 4*b, 4*b + 1 = -3*h + x. Suppose -h*k - r - 58 = -4*k, -k + 4*r = -46. Is k composite?
True
Is (4311/(-6))/(6/(-4)) a composite number?
False
Suppose d - 4*d + 1473 = 0. Is d a composite number?
False
Let r be 438/(-9) + 6/9. Let w = -15 - r. Is w a composite number?
True
Let x(c) = 681*c**3 - c**2 + 2*c - 1. Is x(1) a prime number?
False
Suppose -c = -0*c. Let r = 6 + c. Is r a prime number?
False
Let u be (0 - 1 - 0)*-131. Let n(i) = -220*i. Let b be n(-1). Let k = b - u. Is k prime?
True
Suppose -4*s - f = 2*f - 17, 0 = s + 2*f - 3. Is 1*-12*s/(-4) composite?
True
Suppose -3*r - 32 = -4*f + 19, -34 = -f + 5*r. Is 2253/f + (-4)/(-6) composite?
False
Suppose 0 = 2*v + 2*x - 4, 0 = -v + 5*v - 3*x - 29. Suppose -b + 30 = m - 0, 0 = -v*b - 20. Let h = m - -33. Is h prime?
True
Let n(a) be the third derivative of a**5/30 + 5*a**4/24 - a**3/6 + 3*a**2. Is n(8) a composite number?
False
Suppose 5*o = 4*y - 1844 - 431, 0 = y + 2*o - 559. Is y a composite number?
True
Let l be ((-3)/2 - -3)*36. Suppose 5*p - 689 = -l. Is p a composite number?
False
Is 8/(-2 - 2) + 51 composite?
True
Suppose 0 = -4*j - 0*j - 4. Let q be 379*1/(-1)*j. Let r = q - 260. Is r prime?
False
Suppose 5*u - 2080 = u. Suppose 0 = 2*z + 4*k - 522, -3*k + u = z + z. Suppose -5*w - y + z = 0, 0 = -0*w - w + 4*y + 43. Is w a composite number?
True
Suppose 2*n = -n + 6. Suppose -11 = -n*q + 1. Suppose 2*i + 31 = 5*a + q, 5*i - 25 = 0. Is a a composite number?
False
Let q = -12 + 16. Suppose 6*c - 2*c = 2*d - 94, -3*c = -q*d + 203. Is d prime?
True
Suppose 2*i - 14 = 24. Is i a composite number?
False
Let u = 4854 + -3311. Is u a composite number?
False
Let v be (3/(-2))/(12/32). Let r(i) = -i**3 + i - 1. Let f(a) = 3*a**2 + 5*a - 4. Let n(t) = -f(t) + r(t). Is n(v) a composite number?
True
Let q(w) = -3*w**2 - 12*w + 12. Let o(y) = -y**2 - 6*y + 6. Let f(g) = -5*o(g) + 2*q(g). Let d be f(4). Suppose -h = -d*h + 35. Is h composite?
True
Let v(j) = -19*j. Let a be (1 - 2)*(1 - 0). Is v(a) a composite number?
False
Suppose -5*k + 2 + 3 = -5*f, -5*k - 3*f + 13 = 0. Suppose 0 = -s - 2*s + 5*t + 43, 0 = 3*s - k*t - 28. Is s a composite number?
True
Let r(t) = -3*t**3 - 2*t**2 - 2. Let x be r(-3). Suppose 3*h = -i + 211, 5*h - 268 = 4*i + x. Suppose 2*v = v + h. Is v a prime number?
False
Let n = 21 - -7. Suppose x + n = 133. Let h = 8 + x. Is h composite?
False
Suppose -4*d = 2*v - 0*d - 188, 0 = -v + 3*d + 84. Suppose 16 = 2*g - v. Is g a composite number?
False
Let z(g) = -5*g + 3 - 2 - 8*g + 2. Is z(-4) a prime number?
False
Let c(p) be the third derivative of p**5/60 + 3*p**4/8 + p**3 + 2*p**2. Let q be c(-6). Is (-6)/q*(158 - 0) a composite number?
False
Suppose 8*i - 3*i = 80. Suppose -u - 5 + i = 0. Suppose -u = -3*a + 31. Is a a prime number?
False
Suppose 1334 = -5*c - 1021. Is (c/(-4))/((-24)/(-64)) a prime number?
False
Suppose 4*q - 6 = y + 5, 3*q = 12. Suppose 0 = -a + 79 + y. Suppose -8*n = -4*n - a. Is n prime?
False
Suppose -1345 = -29*z + 28*z. Is z a composite number?
True
Let d = 29 - 52. Let o = d + 60. Is o a composite number?
False
Let b(x) be the third derivative of -x**5/60 - 5*x**4/8 - 3*x**3/2 + 6*x**2. Is b(-11) composite?
True
Is 1643/5 + 10/25 a prime number?
False
Suppose -2*r = 4*i - 1618, 340 + 47 = i + 4*r. Is i a composite number?
True
Suppose 5*u - 915 = 4*r, -3*r - r - 183 = -u. Is u prime?
False
Let r be (62/4)/((-1)/(-2)). Let p = r + 170. Suppose 0 = -4*v + v + p. Is v a composite number?
False
Let j = -7 + 11. Suppose -3*t - j + 46 = 0. Is t composite?
True
Suppose 15*m - 1659 = 12*m. Is m a prime number?
False
Let u = -7 - -11. Suppose -4*z = u*d - 8, 0*z = 2*d + z - 4. Suppose 115 = d*m + 3*m. Is m a composite number?
False
Let v(o) = -55*o + 9. Is v(-6) a composite number?
True
Let f(z) = 199*z**2 + 2*z - 1. Is f(-2) a composite number?
True
Let f(n) = -35*n + 4 + 0 - 2 + 2. Is f(-2) composite?
True
Suppose 1892 = 5*x - 93. Is x composite?
False
Suppose -11694 = -6*f + 2880. Is f a prime number?
False
Suppose -5*t - 4425 = -5*o, -4*o + 0*t - 3*t + 3554 = 0. Is o prime?
True
Let n(v) = -3*v**3 + 3*v + 2. Let z(j) = -j**3 + j + 1. Let d(h) = n(h) - z(h). Let t be d(-2). Suppose -2*g = m - 10, 5*m = t + 7. Is g a composite number?
False
Let t(g) = -1251*g + 2. Is t(-1) composite?
True
Let y be (1/(-2))/(1/(-114)). Suppose 0 = 4*w + 3*u + 6 - 86, -5*w - 2*u + 100 = 0. Let n = y - w. Is n prime?
True
Suppose -8*l = 611 - 17435. Is l composite?
True
Let h(p) be the first derivative of p**4/4 + 13*p**3/3 - 4*p**2 + 9*p - 3. Is h(-13) a composite number?
False
Suppose -3161 - 75 = -4*b. Is b a prime number?
True
Let b(h) = 0 + h**3 + 3 + 3*h**2 - 2*h**2 - h. Let o be b(0). Suppose -235 = -o*i - 2*i. Is i a prime number?
True
Let x(b) = b**3 + 5*b + 2. Is x(8) a composite number?
True
Suppose 0 = -4*i + i - 693. Is (-2)/(2/i*3) a prime number?
False
Let n be -1 - (0/4 + -1). Suppose 3*k + 2*k - 2045 = n. Is k composite?
False
Is (3 - 14)*(0 - 11) a composite number?
True
Let u(l) = l**2 - 4*l - 2. Let a be u(5). Suppose a*t = -15, q + 26 = t + 108. Is q a composite number?
True
Suppose -2*c = -c + 34. Let f be (-1 - -6)*-5 + 1. Let n = f - c. Is n a prime number?
False
Let r(m) = 103*m**2 + 3*m - 7. Let v be r(3). Let a = -490 + v. Is a a prime number?
True
Let w = 3 + -1. Suppose -w*r = -5*f + 4, -4*r = 3*f - r + 6. Suppose 169 = -2*c - 3*o + 692, -3*c - 4*o + 783 = f. Is c composite?
False
Suppose 3*a + 129 = 